{"id":6093,"date":"2020-08-24T09:37:50","date_gmt":"2020-08-24T09:37:50","guid":{"rendered":"http:\/\/new.bernhardrinner.com\/?page_id=6093"},"modified":"2026-04-07T15:00:49","modified_gmt":"2026-04-07T15:00:49","slug":"journals-and-magazines","status":"publish","type":"page","link":"https:\/\/bernhardrinner.com\/?page_id=6093","title":{"rendered":"Journals and Magazines"},"content":{"rendered":"\n<p>Dnyandeep Mandaokar and Bernhard Rinner. <a href=\"https:\/\/doi.org\/10.1109\/LRA.2026.3677752\">Distributionally Robust Acceleration Control Barrier Filter for Efficient UAV Obstacle Avoidance<\/a>. <em>IEEE Robotics and Automation Letters<\/em>. 11(5):5914-5921, 2026.<\/p>\n\n\n\n<p>Daniel Johannes Bugelnig, Filip Lemic, Almos Veres-Vitalyos, Genis Castillo Gomez-Raya, Xavier Costa-Perez and Bernhard Rinner. <a href=\"https:\/\/doi.org\/10.1109\/MIOT.2026.3661300\">Adaptive Flight Planning for Neural 3D Reconstruction with Low-Altitude UAVs<\/a>. <em>IEEE Internet of Things Magazine<\/em>, 2026. (early access)<\/p>\n\n\n\n<p>Federico Fontana, Thomas Jantos, Jan Steinbrener, Luigi Cinque, Gian Luca Foresti and Bernhard Rinner. <a href=\"https:\/\/iopscience.iop.org\/article\/10.1088\/2632-2153\/adfa67\">BiCrossNet: resource-efficient cross-view geolocalization with binary neural networks<\/a>. <em>Machine Learning: Science and Technology<\/em>, 6, 035036, 2025.<\/p>\n\n\n\n<p>Muhammad Arif, Juan Augusto Maya, Narendiran Anandan, Dailys Arronde P\u00e9rez, Andrea Tonello, Hubert Zangl and Bernhard Rinner. <a href=\"https:\/\/ieeexplore.ieee.org\/document\/10798427\">Resource-Efficient Ubiquitous Sensor Networks for Smart Agriculture: A Survey<\/a>. <em>IEEE Access<\/em>, 12:193332-193364, 2024.<\/p>\n\n\n\n<p>Rockson Agyeman and Bernhard Rinner. <a href=\"https:\/\/doi.org\/10.1109\/ACCESS.2024.3501382\">Decentralized Text-Based Person Re-Identification in Multi-Camera Networks<\/a>. <em>IEEE Access<\/em>, 12:172125-172148, 2024.<\/p>\n\n\n\n<p>Markus Gutmann and Bernhard Rinner. <a href=\"https:\/\/doi.org\/10.1109\/ACCESS.2023.3330652\">Multidrone Mission Execution with EAMOS: From Text to Mission<\/a>. <em>IEEE Access<\/em>, 11:125460-125491, 2023.<\/p>\n\n\n\n<p>Rahmi Ahmad, Bernhard Rinner, Raniyah Wazirali , Sohaib K. M. Abujayyab , and Rania Almajalid. <a href=\"https:\/\/ieeexplore.ieee.org\/document\/10238379?source=authoralert\">Two-Level Sensor Self-Calibration Based on Interpolation and Autoregression for Low-Cost Wireless Sensor Networks<\/a>. <em>IEEE Sensors<\/em> <em>Journal<\/em>, 23(20):25242-25253, 2023 .<\/p>\n\n\n\n<p>J\u00fcrgen Scherer, Angela P. Schoellig and Bernhard Rinner. <a href=\"https:\/\/ieeexplore.ieee.org\/document\/9837406\" data-type=\"URL\" data-id=\"https:\/\/ieeexplore.ieee.org\/document\/9837406\">Min-max vertex cycle covers with connectivity constraints for multi-robot patrolling<\/a>. <em>Robotics and Automation Letters<\/em>, 7(4):10152-10159, 2022 .<\/p>\n\n\n\n<p>Rockson Agyeman, Muhammad Rafiq,  Hyun Kwang Shin, Bernhard Rinner and Gyu Sang Choi.<a href=\"https:\/\/ieeexplore.ieee.org\/document\/9425533\"> Optimizing Spatiotemporal Feature Learning in 3D Convolutional Neural Networks with Pooling Blocks<\/a>. <em>IEEE Access<\/em>, 9:70797-70805, 2021.<\/p>\n\n\n\n<p>Bernhard Rinner, Christian Bettstetter, Hermann Hellwagner, and Stephan Weiss. <a href=\"https:\/\/ieeexplore.ieee.org\/abstract\/document\/9427128\">Multidrone systems: More than the sum of the parts<\/a>. <em>Computer<\/em> 54(5):34-43, 2021.<\/p>\n\n\n\n<p>Petra Mazdin and Bernhard Rinner. <a href=\"https:\/\/ieeexplore.ieee.org\/stamp\/stamp.jsp?tp=&amp;arnumber=9360591\">Distributed and Communication-Aware Coalition Formation and Task Assignment in Multi-Robot Systems<\/a>. <em>IEEE Access<\/em>, 9:35088-35100, 2021. <\/p>\n\n\n\n<p>Niccolo Bisagno, Alberto Xamin, Francesco De Natale, Nicola Conci, and Bernhard Rinner. <a href=\"https:\/\/www.mdpi.com\/1424-8220\/20\/17\/4691\" data-type=\"URL\" data-id=\"https:\/\/www.mdpi.com\/1424-8220\/20\/17\/4691\">Dynamic Camera Reconfiguration with Reinforcement Learning and Stochastic Methods for Crowd Surveillance<\/a>. Sensors, 20(17):1\u201315, 2020.<\/p>\n\n\n\n<p>J\u00fcrgen Scherer and Bernhard Rinner. <a href=\"https:\/\/ieeexplore.ieee.org\/document\/9121685\">Multi-UAV Surveillance With Minimum Information Idleness and Latency Constraints<\/a>. <em>IEEE Robotics and Automation Letters<\/em>, 5(3):4812-4819, 2020.<\/p>\n\n\n\n<p>Nikil Dutt, Carlo Regazzoni, Bernhard Rinner and Xin Yao. <a href=\"https:\/\/ieeexplore.ieee.org\/document\/9120415\">Self-Awareness for Autonomous Systems<\/a>. <em>Proceedings of the IEEE<\/em>, 108(7):971-975, 2020.<\/p>\n\n\n\n<p>Carlo Regazzoni, Lucio Marcenaro, Damian Campo and Bernhard Rinner. <a href=\"https:\/\/bernhardrinner.com\/pubs\/2019\/Regazzoni_PIEEE2020.pdf\">Multi-sensorial generative and descriptive self-awareness models for autonomous systems<\/a>. <em>Proceedings of the IEEE<\/em>, 108(7):987-1010, 2020.<\/p>\n\n\n\n<p>J\u00fcrgen Scherer and Bernhard Rinner. <a href=\"http:\/\/link.springer.com\/article\/10.1007\/s10846-020-01156-6\">Multi-Robot Patrolling with Sensing Idleness and Data Delay Objectives<\/a>. <em>Journal of Intelligent &amp; Robotic Systems<\/em>, 99:949-967, 2020.<\/p>\n\n\n\n<p>J\u00fcrgen Scherer and Bernhard Rinner. <a href=\"https:\/\/doi.org\/10.1109\/ACCESS.2020.2967650\">Multi-Robot Persistent Surveillance With Connectivity Constraints<\/a>. <em>IEEE Access<\/em>, 8:15093-15109, 2020.<\/p>\n\n\n\n<p>Omair Sarwar, Bernhard Rinner and Andrea Cavallaro. <a href=\"https:\/\/doi.org\/10.1109\/ACCESS.2019.2944861\">A privacy-preserving filter for oblique face images based on adaptive hopping Gaussian mixtures<\/a>. <em>IEEE Access<\/em>, 7:142623-142639, 2019.<\/p>\n\n\n\n<p>Sara Perez-Carabaza, J\u00fcrgen Scherer, Bernhard Rinner, Jose A. Lopez-Orozco and Eva Besada-Portas. <a href=\"https:\/\/doi.org\/10.1016\/j.engappai.2019.06.002\">UAV Trajectory Optimization for Minimum Time Search with Communication Constraints and Collision Avoidance<\/a>. <em>Engineering Applications of Artificial Intelligence<\/em>, 85:357-371, 2019.<\/p>\n\n\n\n<p>Bernhard Rinner. <a href=\"https:\/\/doi.org\/10.1109\/MC.2019.2905171\">Can we trust smart cameras.<\/a> <em>Computer<\/em>, 52(5):67-70, 2019.<\/p>\n\n\n\n<p>Jennifer Simonjan and Bernhard Rinner. <a href=\"https:\/\/doi.org\/10.1016\/j.adhoc.2019.01.007\">Decentralized and Resource-efficient Self-Calibration of Visual Sensor Networks.<\/a> <em>Ad Hoc Networks<\/em>, 88:112-128, 2019.<\/p>\n\n\n\n<p>Subhan Ullah, Lucio Marcenaro and Bernhard Rinner. <a href=\"https:\/\/www.mdpi.com\/1424-8220\/19\/2\/327\/pdf\">Secure Smart Cameras by Aggregate-Signcryption with Decryption Fairness for Multi-Receiver IoT Applications.<\/a> <em>Sensors<\/em>, 19(2):327, 2019.<\/p>\n\n\n\n<p>Sharath Chandra Akkaladevi, Matthias Plasch, Sriniwas Maddukuri, Christian Eitzinger, Andreas Pichler and Bernhard Rinner. <a href=\"https:\/\/www.frontiersin.org\/articles\/10.3389\/frobt.2018.00126\/abstract\">Toward an Interactive Reinforcement Based Learning Framework for Human Robot Collaborative Assembly Processes.<\/a> <em>Frontiers in Robotics and AI<\/em>, 5:1-15, 2018.<\/p>\n\n\n\n<p>Evsen Yanmaz, Saeed Yahyanejad, Bernhard Rinner, Hermann Hellwagner and Christian Bettstetter. <a href=\"http:\/\/www.sciencedirect.com\/science\/article\/pii\/S1570870517301671\">Drone Networks: Communications, Coordination, and Sensing.<\/a> <em>Ad Hoc Networks<\/em>, Elsevier, 68:1-15, 2018.<\/p>\n\n\n\n<p>Asif Khan, Bernhard Rinner and Andrea Cavallaro. <a href=\"http:\/\/ieeexplore.ieee.org\/stamp\/stamp.jsp?arnumber=7763837\">Cooperative Robots to Observe Moving Targets: A Review.<\/a> <em>IEEE Transactions on Cybernetics<\/em>, 48(1):187-198, 2018.<\/p>\n\n\n\n<p>Adam Erdelyi, Thomas Winkler and Bernhard Rinner. <a href=\"https:\/\/bernhardrinner.com\/pubs\/2017\/Erdelyi_MTA2017.pdf\">Privacy Protection vs. Utility in Visual Data: An Objective Evaluation Framework.<\/a> <em>Multimedia Tools and Applications<\/em>, Springer, 77(2):2285-2312, 2018.<\/p>\n\n\n\n<p>Venkata Pathuri Bhuvana, Melanie Schranz, Carlo S. Regazzoni, Bernhard Rinner, Andrea M. Tonello and Mario Huemer. <a href=\"http:\/\/www.asp.eurasipjournals.com\/content\/2016\/1\/50\">Multi-Camera Object Tracking using Surprisal Observations in Visual Sensor Networks.<\/a> <em>EURASIP Journal on Advances in Signal Processing<\/em>, 50:1-14, 2016.<\/p>\n\n\n\n<p>Muhammad Imran, Bernhard Rinner, Sajjad Zandi Zand and Mattias O&#8217;Nils. <a href=\"https:\/\/bernhardrinner.com\/pubs\/2016\/Imran_JEI2016.pdf\">Exploration of Pre-Processing Architectures for FPGA Based Thermal-Visual Smart Camera.<\/a> <em>Journal of Electronic Imaging<\/em>, 25(4):1-13, 041006, 2016.<\/p>\n\n\n\n<p>Claudio Piciarelli, Lukas Esterle, Asif Khan, Bernhard Rinner, Gian Luca Foresti. <a href=\"https:\/\/bernhardrinner.com\/pubs\/2015\/Piciarelli_TCASVT2015.pdf\">Dynamic Reconfiguration in Camera Networks: a short Survey.<\/a> <em>IEEE Transactions on Circuits and Systems for Video Technology<\/em>, 26(5):965-977, May 2016.<\/p>\n\n\n\n<p>Melanie Schranz and Bernhard Rinner. <a href=\"https:\/\/bernhardrinner.com\/pubs\/2015\/Schranz_Sensors2015.pdf\">Resource-Aware Dynamic Clustering Utilizing State Estimation in Visual Sensor Networks.<\/a> <em>Sensors &amp; Transducers<\/em>, 129(8):28-39, August 2015.<\/p>\n\n\n\n<p>Michael Hofbaur, Andreas M\u00fcller, Justus Piater, Bernhard Rinner, Gerald Steinbauer, Markus Vincze, Christian W\u00f6gerer. <a href=\"https:\/\/bernhardrinner.com\/pubs\/2015\/Hofbaur_ei2015.pdf\">Making Better Robots &#8211; Beitr\u00e4ge \u00d6sterreichs zur Europ\u00e4ischen Robotics Research Roadmap.<\/a> <em>e&amp;i Elektrotechnik und Informationstechnik<\/em>, 132(4):237-248, August 2015.<\/p>\n\n\n\n<p>Daniel Wischounig-Strucl, Bernhard Rinner. <a href=\"https:\/\/bernhardrinner.com\/pubs\/2015\/Wischounig_MVA2015.pdf\">Resource Aware and Incremental Mosaics of Wide Areas from Small-Scale UAVs.<\/a> <em>Machine Vision and Applications<\/em>, 26:885\u2013904, 2015.<\/p>\n\n\n\n<p>Bernhard Rinner, Lukas Esterle, Jennifer Simonjan, Georg Nebehay, Roman Pflugfelder, Peter R. Lewis, Gustavo Fernandez Dominguez. <a href=\"https:\/\/bernhardrinner.com\/pubs\/2015\/Rinner_Computer2015.pdf\">Self-aware and Self-expressive Camera Networks.<\/a> <em>IEEE Computer<\/em>, 48(7):21-28, July 2015.<\/p>\n\n\n\n<p>Peter R. Lewis, Lukas Esterle, Arjun Chandra, Bernhard Rinner, Jim Torresen, Xin Yao. <a href=\"https:\/\/bernhardrinner.com\/pubs\/2015\/Lewis_TAAS2015.pdf\">Static, Dynamic and Adaptive Heterogeneity in Distributed Smart Camera Networks.<\/a> <em>ACM Transactions on Autonomous and Adaptive Systems<\/em>, 10(2):1-30, June 2015.<\/p>\n\n\n\n<p>Saeed Yahyanejad and Bernhard Rinner. <a href=\"https:\/\/bernhardrinner.com\/pubs\/2014\/Yahyanejad_ISPRS2014.pdf\">A fast and mobile system for registration of low-altitude visual and thermal aerial images using multiple small-scale UAVs.<\/a> <em>ISPRS Journal of Photogrammetry and Remote Sensing<\/em>, 104:189-202, June 2015.<\/p>\n\n\n\n<p>Asif Khan, Evsen Yanmaz and Bernhard Rinner. <a href=\"https:\/\/bernhardrinner.com\/pubs\/2015\/Khan_TCNS2015.pdf\">Information Exchange and Decision Making in Micro Aerial Vehicle Networks for Cooperative Search.<\/a> <em>IEEE Transactions on Control of Network Systems<\/em>, 2(4):335-347, 2015.<\/p>\n\n\n\n<p>Muhidul Khan and Bernhard Rinner. <a href=\"https:\/\/bernhardrinner.com\/pubs\/2014\/Khan_DSN2014.pdf\">Performance Analysis of Resource-Aware Task Scheduling Methods in Wireless Sensor Networks.<\/a> <em>International Journal of Distributed Sensor Networks<\/em>, 2014:1-11, September 2014.<\/p>\n\n\n\n<p>Martin Reisslein, Bernhard Rinner and Amit Roy-Chowdhury. <a href=\"https:\/\/bernhardrinner.com\/pubs\/2014\/Reisslein_Computer2014.pdf\">Smart Camera Networks.<\/a> <em>Computer<\/em>, 47(5):23-25, May 2014.<\/p>\n\n\n\n<p>Thomas Winkler and Bernhard Rinner. <a href=\"https:\/\/bernhardrinner.com\/pubs\/2014\/Winkler_ACMComSurv2014.pdf\">Security and Privacy Protection in Visual Sensor Networks: A Survey.<\/a> <em>ACM Computing Surveys<\/em>, 47(1):1-42, 2014.<\/p>\n\n\n\n<p>Umair Ali Khan and Bernhard Rinner. <a href=\"https:\/\/bernhardrinner.com\/pubs\/2013\/Khan_TECS2013.pdf\">Online Learning of Timeout Policies for Dynamic Power Management.<\/a> <em>ACM Transactions on Embedded Computing Systems<\/em>, 13(4), pages 25, 2014.<\/p>\n\n\n\n<p>Lukas Esterle, Peter R. Lewis, Xin Yao and Bernhard Rinner. <a href=\"https:\/\/bernhardrinner.com\/pubs\/2013\/Esterle_TOSN2013.pdf\">Socio-Economic Vision Graph Generation and Handover in Distributed Smart Camera Networks.<\/a> <em>ACM Transactions on Sensor Networks<\/em>, ACM, 10(2):1-25, 2014.<\/p>\n\n\n\n<p>Fatih Porikli, Francois Bremond, Shiloh L. Dockstader, James Ferryman, Anthony Hoogs, Brian C. Lovell, Sharath Pankanti, Bernhard Rinner, Peter Tu, and Peter L. Venetianer. <a href=\"https:\/\/bernhardrinner.com\/pubs\/2013\/Porikli_SPM2013.pdf\">Video Surveillance: Past, Present, and Now the Future.<\/a> <em>IEEE Signal Processing Magazine<\/em>, 30(3):190-198, May 2013.<\/p>\n\n\n\n<p>Thomas Winkler and Bernhard Rinner. <a href=\"https:\/\/bernhardrinner.com\/pubs\/2011\/Winkler_MMS2011.pdf\">User Centric Privacy Awareness in Video Surveillance.<\/a> <em>Multimedia Systems<\/em>, Springer, 18(2):99-121, 2012.<\/p>\n\n\n\n<p>Bernhard Dieber, Christian Micheloni and Bernhard Rinner. <a href=\"https:\/\/bernhardrinner.com\/pubs\/2011\/Dieber_TCASVT2011.pdf\">Resource-Aware Coverage and Task Assignment in Visual Sensor Networks.<\/a> <em>IEEE Transactions on Circuits and Systems for Video Technology<\/em>, 21(10):1424 &#8211; 1437, Oct. 2011.<\/p>\n\n\n\n<p>Thomas Winkler and Bernhard Rinner. <a href=\"https:\/\/bernhardrinner.com\/pubs\/2011\/Winkler_JWCN2011.pdf\">Securing Embedded Smart Cameras with Trusted Computing.<\/a> <em>EURASIP Journal on Wireless Communications and Networking<\/em>, Article ID 530354:1-20, 2011.<\/p>\n\n\n\n<p>Christian Micheloni, Bernhard Rinner and Gian Luca Foresti. <a href=\"https:\/\/bernhardrinner.com\/pubs\/2010\/Micheloni_SPM2010.pdf\">Video Analysis in PTZ Camera Networks &#8211; From master-slave to cooperative smart cameras.<\/a> <em>IEEE Signal Processing Magazine<\/em>, 27(5):78-90, 2010.<\/p>\n\n\n\n<p>Horst Bischof, Martin Godec, Christian Leistner, Bernhard Rinner and Andreas Starzacher. <a href=\"https:\/\/bernhardrinner.com\/pubs\/2010\/Bischof_IS2010.pdf\">Autonomous Audio-Supported Learning of Visual Classiffiers for Traffic Monitoring.<\/a> <em>IEEE Intelligent Systems<\/em>, 25(3):15-23, May\/June 2010.<\/p>\n\n\n\n<p>Markus Quaritsch, Karin Kruggl, Daniel Wischounig-Strucl, Subhabrata Bhattacharya, Mubarak Shah and Bernhard Rinner. <a href=\"https:\/\/bernhardrinner.com\/pubs\/2010\/Quaritsch_ei2010.pdf\">Networked UAVs as Aerial Sensor Network for Disaster Management Applications.<\/a>. <em>e&amp;i Elektrotechnik und Informationstechnik<\/em>, 127(3):56-63, Springer, 2010.<\/p>\n\n\n\n<p>Andreas Doblander, Andreas Zoufal and Bernhard Rinner. <a href=\"https:\/\/bernhardrinner.com\/pubs\/2009\/Doblander_ACMTECS2009.pdf\">A Novel Software Framework for Embedded Multiprocessor Smart Cameras<\/a>. <em>ACM Transactions on Embedded Computing Systems<\/em>, 8(3) article 24:1-30, April 2009.<\/p>\n\n\n\n<p>Bernhard Rinner and Wayne Wolf. <a href=\"https:\/\/bernhardrinner.com\/pubs\/2008\/PIEEE10_08_scanning.pdf\">A Bright Future for Distributed Smart Cameras &#8211; scanning the issue.<\/a>. <em>Proceedings of the IEEE<\/em>, 96(10):1562-1564, October 2008.<\/p>\n\n\n\n<p>Bernhard Rinner and Wayne Wolf. <a href=\"https:\/\/bernhardrinner.com\/pubs\/2008\/Rinner_PIEEE2008.pdf\">Introduction to Distributed Smart Cameras.<\/a>. <em>Proceedings of the IEEE<\/em>. 96(10):1565-1575, October 2008.<\/p>\n\n\n\n<p>Andreas Klausner, Allan Tengg and Bernhard Rinner. <a href=\"https:\/\/bernhardrinner.com\/pubs\/2008\/Klausner_JSTSP2008.pdf\">Distributed multi-level Data Fusion for Networked Embedded Systems<\/a>. <em>IEEE Journal on Selected Topics in Signal Processing<\/em>. 2(3):538-555, August 2008.<\/p>\n\n\n\n<p>Markus Quaritsch, Markus Kreuzthaler, Bernhard Rinner, Horst Bischof and Bernhard Strobl. <a href=\"https:\/\/bernhardrinner.com\/pubs\/2007\/Quaritsch_EURASIP2007.pdf\">Autonomous Multi-Camera Tracking on Embedded Smart Cameras<\/a>. <em>EURASIP Journal on Embedded Systems<\/em>. 2007:1-10, January 2007.<\/p>\n\n\n\n<p>Milan Jovanovic, Andreas Klausner, Markus Quaritsch, Bernhard Rinner, and Allan Tengg. <a href=\"https:\/\/bernhardrinner.com\/pubs\/2006\/Jovanovic_Telematik2006.pdf\">Smart Cameras for Embedded Vision<\/a>. <em>Telematik<\/em>. 12(3):14-19, December 2006.<\/p>\n\n\n\n<p>Andreas Doblander, Bernhard Rinner, Norbert Trenkwalder and Andreas Zoufal. <a href=\"https:\/\/bernhardrinner.com\/pubs\/2006\/Doblander_WSEAS2006.pdf\">A Middleware Framework for Dynamic Reconfiguration and Component Composition in Embedded Smart Cameras<\/a>. <em>WSEAS Transaction on Computers<\/em>. 5(3):574-581, WSEAS Press, March 2006.<\/p>\n\n\n\n<p>Michael Bramberger, Andreas Doblander, Arnold Maier, Bernhard Rinner and Helmut Schwabach. <a href=\"https:\/\/bernhardrinner.com\/pubs\/2006\/Bramberger_Computer2006.pdf\">Distributed Embedded Smart Cameras for Surveillance Applications<\/a>. <em>Computer<\/em>. 39(2):68-75, IEEE, February 2006.<\/p>\n\n\n\n<p>Andreas Doblander, Dietmar Goesseringer, Bernhard Rinner and Helmut Schwabach. <a href=\"https:\/\/bernhardrinner.com\/pubs\/2005\/Doblander_IJSEKE2005.pdf\">An Evaluation of Model-Based Software Synthesis from Simulink Models for embedded Video Applications<\/a>. <em>International Journal of Software Engineering and Knowledge Engineering<\/em>. 15(2):343-348, 2005.<\/p>\n\n\n\n<p>Arnold Maier, Bernhard Rinner, Helmut Schwabach and Thomas Trathnigg. <a href=\"https:\/\/bernhardrinner.com\/pubs\/2004\/Maier_Telematik2004.pdf\">Combined Dynamic Power- and QoS-Management in Embedded Video Surveillance Systems<\/a>. <em>Telematik<\/em>. 10(3-4):22-26, December 2004.<\/p>\n\n\n\n<p>Andreas Doblander, Dietmar Goesseringer, Bernhard Rinner and Helmut Schwabach. <a href=\"https:\/\/bernhardrinner.com\/pubs\/2004\/Doblander_Telematik2004.pdf\">Synthesis of Embedded Image Processing Applications from SIMULINK Models<\/a>. <em>Telematik<\/em>. 10(3-4), pages 10-15, December 2004.<\/p>\n\n\n\n<p>Bernhard Rinner and Ulrich Weiss. <a href=\"https:\/\/bernhardrinner.com\/pubs\/2004\/Rinner_IEEESMC2004.pdf\">Online Monitoring by Dynamically Refining Imprecise Models<\/a>. <em>IEEE Transactions on Systems, Man and Cybernetics (Part B)<\/em>. 34(4):1811-1822, August 2004.<\/p>\n\n\n\n<p>Bernhard Rinner, Horst Bischof, Michael Bramberger, Andreas Doblander, Arnold Maier, Roman Pflugfelder and Horst Schwabach. <a href=\"https:\/\/bernhardrinner.com\/pubs\/2004\/Rinner_SVE2004.pdf\">Eine intelligente Kamera zur Verkehrsueberwachung<\/a>. <em>Bulletin SEV\/VSE<\/em>. 95(11):19-23, electrosuisse. 2004.<\/p>\n\n\n\n<p>Bernhard Rinner, Martin Schmid and Reinhold Weiss. <a href=\"https:\/\/bernhardrinner.com\/pubs\/2004\/Rinner_JUCS2004.pdf\">A Rapid Prototyping System for Multi-DSP Systems based on Accurate Performance Prediction<\/a>. <em>Journal of Universal Computer Science<\/em>. 10(2):120-144, Springer. February 2004.<\/p>\n\n\n\n<p>Bernhard Rinner and Ulrich Weiss. <a href=\"https:\/\/bernhardrinner.com\/pubs\/2002\/Rinner_OEGAI2002.pdf\">The model-based online monitoring system MOSES<\/a>. <em>OeGAI Journal<\/em>. 21(3):5-12, October 2002.<\/p>\n\n\n\n<p>Bernhard Rinner. <a href=\"https:\/\/bernhardrinner.com\/pubs\/2002\/Rinner_Telematik2002.pdf\">Detecting and Diagnosing Faults (Guest Editor&#8217;s introduction)<\/a>. <em>Telematik<\/em>. 8(2):6-8, June 2002.<\/p>\n\n\n\n<p>Herbert Kay, Bernhard Rinner and Benjamin Kuipers. <a href=\"https:\/\/bernhardrinner.com\/pubs\/2000\/Kay_AIJ2000.pdf\">Semi-Quantitative System Identification<\/a>. <em>Artificial Intelligence<\/em>. 119(1-2):103-140, May 2000.<\/p>\n\n\n\n<p>Marco Platzner, Bernhard Rinner and Reinhold Weiss. <a href=\"https:\/\/bernhardrinner.com\/pubs\/2000\/Platzner_IEEEIE2000.pdf\">Towards Embedded Qualitative Simulation &#8211; A Specialized Computer Architecture for QSIM<\/a>. <em>IEEE Intelligent Systems<\/em>. 15(2):62-68, March\/April 2000.<\/p>\n\n\n\n<p>Marco Platzner and Bernhard Rinner. <a href=\"https:\/\/bernhardrinner.com\/pubs\/1998\/Platzner_ISCA1998.pdf\">Design and Implementation of a Parallel Constraint Satisfaction Algorithm<\/a>. <em>International Journal of Computers and Their Application<\/em>. 5(2):106-116, June 1998.<\/p>\n\n\n\n<p>Marco Platzner, Bernhard Rinner and Reinhold Weiss. <a href=\"https:\/\/bernhardrinner.com\/pubs\/1997\/Platzner_SIMPRAT1997.pdf\">Parallel Qualitative Simulation<\/a>. <em>Simulation Practice and Theory<\/em>, 5(7-8):623-638, Elsevier, 1997.<\/p>\n\n\n\n<p>Marco Platzner, Bernhard Rinner and Reinhold Weiss. <a href=\"https:\/\/bernhardrinner.com\/pubs\/1997\/Platzner_EI1997.pdf\">A Computer Architecture to Support Qualitative Simulation in Industrial Applications<\/a>. <em>e&amp;i Elektrotechnik und Informationstechnik<\/em>, OEVE Verbandszeitschrift, 114(1):13-18, January 1997.<\/p>\n\n\n\n<p>Marco Platzner, Bernhard Rinner and Reinhold Weiss. <a href=\"https:\/\/bernhardrinner.com\/pubs\/1995\/Platzner_JUCS1995.pdf\">Exploiting Parallelism in Constraint Satisfaction for Qualitative Simulation<\/a>. <em>J.UCS The Journal of Universal Computer Science<\/em>. 1(12):811-820, December 1995.<\/p>\n","protected":false},"excerpt":{"rendered":"<p>Dnyandeep Mandaokar and Bernhard Rinner. Distributionally Robust Acceleration Control Barrier Filter for Efficient UAV Obstacle Avoidance. IEEE Robotics and Automation Letters. 11(5):5914-5921, 2026. Daniel Johannes Bugelnig, Filip Lemic, Almos Veres-Vitalyos, Genis Castillo Gomez-Raya, Xavier Costa-Perez and Bernhard Rinner. Adaptive Flight Planning for Neural 3D Reconstruction with Low-Altitude UAVs. IEEE Internet [&hellip;]<\/p>\n","protected":false},"author":2,"featured_media":7394,"parent":17,"menu_order":0,"comment_status":"closed","ping_status":"closed","template":"page-templates\/full-width.php","meta":{"footnotes":""},"class_list":["post-6093","page","type-page","status-publish","has-post-thumbnail","hentry"],"_links":{"self":[{"href":"https:\/\/bernhardrinner.com\/index.php?rest_route=\/wp\/v2\/pages\/6093","targetHints":{"allow":["GET"]}}],"collection":[{"href":"https:\/\/bernhardrinner.com\/index.php?rest_route=\/wp\/v2\/pages"}],"about":[{"href":"https:\/\/bernhardrinner.com\/index.php?rest_route=\/wp\/v2\/types\/page"}],"author":[{"embeddable":true,"href":"https:\/\/bernhardrinner.com\/index.php?rest_route=\/wp\/v2\/users\/2"}],"replies":[{"embeddable":true,"href":"https:\/\/bernhardrinner.com\/index.php?rest_route=%2Fwp%2Fv2%2Fcomments&post=6093"}],"version-history":[{"count":23,"href":"https:\/\/bernhardrinner.com\/index.php?rest_route=\/wp\/v2\/pages\/6093\/revisions"}],"predecessor-version":[{"id":7400,"href":"https:\/\/bernhardrinner.com\/index.php?rest_route=\/wp\/v2\/pages\/6093\/revisions\/7400"}],"up":[{"embeddable":true,"href":"https:\/\/bernhardrinner.com\/index.php?rest_route=\/wp\/v2\/pages\/17"}],"wp:featuredmedia":[{"embeddable":true,"href":"https:\/\/bernhardrinner.com\/index.php?rest_route=\/wp\/v2\/media\/7394"}],"wp:attachment":[{"href":"https:\/\/bernhardrinner.com\/index.php?rest_route=%2Fwp%2Fv2%2Fmedia&parent=6093"}],"curies":[{"name":"wp","href":"https:\/\/api.w.org\/{rel}","templated":true}]}}